{"id":145,"date":"2020-06-04T09:29:24","date_gmt":"2020-06-04T07:29:24","guid":{"rendered":"http:\/\/kkt-progress.pl\/?page_id=145"},"modified":"2020-06-04T09:29:24","modified_gmt":"2020-06-04T07:29:24","slug":"kursy-tanca-dla-nowozencow","status":"publish","type":"page","link":"https:\/\/kkt-progress.pl\/index.php\/kursy-tanca-dla-nowozencow\/","title":{"rendered":"Kursy Ta\u0144ca dla nowo\u017ce\u0144c\u00f3w"},"content":{"rendered":"\n<p>Przysz\u0142ym M\u0142odym Parom proponujemy r\u00f3\u017cne formy tanecznego przygotowania si\u0119 do wesela.<br>Polecamy Kursy Ta\u0144ca dla nowo\u017ce\u0144c\u00f3w (wi\u0119cej o nich poni\u017cej), organizowane wiosn\u0105 ka\u017cdego roku a tak\u017ce Indywidualne Lekcje, na kt\u00f3rych przygotujemy choreografi\u0119 Pierwszego Ta\u0144ca do dowolnie wybranej przez Was muzyki.<\/p>\n","protected":false},"excerpt":{"rendered":"<p>Przysz\u0142ym M\u0142odym Parom proponujemy r\u00f3\u017cne formy tanecznego przygotowania si\u0119 do wesela.Polecamy Kursy Ta\u0144ca dla nowo\u017ce\u0144c\u00f3w (wi\u0119cej o nich poni\u017cej), organizowane wiosn\u0105 ka\u017cdego roku a tak\u017ce Indywidualne Lekcje, na kt\u00f3rych przygotujemy choreografi\u0119 Pierwszego Ta\u0144ca do dowolnie wybranej przez Was muzyki.<\/p>\n","protected":false},"author":1,"featured_media":0,"parent":0,"menu_order":0,"comment_status":"closed","ping_status":"closed","template":"","meta":[],"_links":{"self":[{"href":"https:\/\/kkt-progress.pl\/index.php\/wp-json\/wp\/v2\/pages\/145"}],"collection":[{"href":"https:\/\/kkt-progress.pl\/index.php\/wp-json\/wp\/v2\/pages"}],"about":[{"href":"https:\/\/kkt-progress.pl\/index.php\/wp-json\/wp\/v2\/types\/page"}],"author":[{"embeddable":true,"href":"https:\/\/kkt-progress.pl\/index.php\/wp-json\/wp\/v2\/users\/1"}],"replies":[{"embeddable":true,"href":"https:\/\/kkt-progress.pl\/index.php\/wp-json\/wp\/v2\/comments?post=145"}],"version-history":[{"count":1,"href":"https:\/\/kkt-progress.pl\/index.php\/wp-json\/wp\/v2\/pages\/145\/revisions"}],"predecessor-version":[{"id":146,"href":"https:\/\/kkt-progress.pl\/index.php\/wp-json\/wp\/v2\/pages\/145\/revisions\/146"}],"wp:attachment":[{"href":"https:\/\/kkt-progress.pl\/index.php\/wp-json\/wp\/v2\/media?parent=145"}],"curies":[{"name":"wp","href":"https:\/\/api.w.org\/{rel}","templated":true}]}}